ppose o*h = 4*h + 20. Let s be (4/h)/((-1)/5). What is i(s)?
1
Suppose 5*x - 4*m = -5*m + 5, 0 = -4*m. Let o(s) = -3 + 2*s - 7*s**2 - 1 + 3. Give o(x).
-6
Let t be 1*(-7)/(-2)*2. Let k(h) = 2*h - t + h + h**2 + 3 - 7*h. Calculate k(5).
1
Let t(m) be the first derivative of m**5/20 - m**3 + 2. Let p(x) be the third derivative of t(x). Determine p(1).
6
Let z(r) = -r**3 - 6*r**2 - 6*r - 3. Let g(q) = q**3 + q**2 - 6*q - 5. Let m be g(-3). Let k be (m/2)/(11/22). What is z(k)?
2
Let w = -5 - -9. Suppose 0 = w*p - 0*p - 16. Let k(g) = -p - 8 + g - 4*g + 2*g. What is k(-6)?
-6
Let u be (-70)/(-6) + 3/9. Suppose -3*p + u = -0*p. Let c(r) = -1 - 14*r + 15*r + p - 2. Determine c(5).
6
Let a(r) = -r**2 + 5*r - 1. Let s(o) = -2*o**3 - 2*o**2 - 2*o - 3. Let x be s(-2). Let d = 6 - x. Let c be (1/1 + d)*-2. Calculate a(c).
3
Let j = 25 - 25. Let p be 0 - ((-4)/1)/1. Suppose -h - p = -j*h. Let f(z) = z**3 + 4*z**2 + z + 4. Determine f(h).
0
Let a(h) be the second derivative of -h**5/20 - h**4/6 - h**2/2 - 7*h. Let v = -5 - -7. Suppose -d + 3*f + 1 = -v, d - f = -1. Give a(d).
8
Let x be (9/(-12))/(3/24). Let y(q) be the first derivative of q**2/2 + 6*q - 1. What is y(x)?
0
Let c(m) be the third derivative of -m**9/60480 - m**8/20160 + m**6/180 - m**5/15 - 5*m**2. Let h(t) be the third derivative of c(t). Give h(0).
4
Let z(p) = -2*p + 3. Let g be ((-21)/6 + 0)*-2. Suppose 5*u + 4*f = g, 0 = 2*u - 0*u + f - 4. Give z(u).
-3
Suppose -4*t - y + 32 - 10 = 0, 2*t - 20 = -5*y. Let f(l) = l**3 - 4*l**2 - 4*l + 2. Give f(t).
7
Let g(d) = d + 6 - 4 + 2*d - 3. What is g(6)?
17
Let l(x) = -x + 3. Suppose -1 = -3*h + 4*h - 4*g, -2*g = 4*h - 14. Determine l(h).
0
Let i(q) = q**2 - 3*q - 3. Let h = 4 - 7. Let r be (-2 - -3)*(h - -1). Calculate i(r).
7
Let k(n) = n**2 - 3*n - 4. Let c be k(3). Let x = c + 4. Let w(h) = -2 - 3 + 4 + x*h**3 + 9*h**3. What is w(1)?
8
Let a(v) = v**3 + 3*v**2 + 2*v - 1. Let n = -11 - -23. Suppose 3*h = -h - n. Give a(h).
-7
Let v(p) be the third derivative of -p**7/280 - p**5/120 + p**3/6 + 2*p**2. Let q(h) be the first derivative of v(h). What is q(-1)?
4
Let o(l) = l**2 - l + 2. Let i(g) = 29*g**2 - 2*g + 7. Let x(a) = i(a) - 3*o(a). Calculate x(-1).
26
Let i(j) be the second derivative of j**5/20 + j**4/3 + j**3/6 + j**2 - 2*j. Let q = -4 + 4. Suppose 3*y = -q*y - 12. Calculate i(y).
-2
Suppose -7 = -5*r + 3. Let t(h) = -1 + 5*h - 1 + h**r + 2. What is t(-4)?
-4
Let i(c) = -c**2 + 4*c - 5. Let v = 10 - 3. Suppose 3*f = 5*a + 9, 3 + 5 = -f - 2*a. Let h = v + f. Determine i(h).
-10
Let a(u) be the third derivative of -u**4/24 + u**3 + u**2. Let k = 61 - 55. What is a(k)?
0
Let c(t) = t**2 + t - 13. Let m be -2 - (-7)/(14/4). Determine c(m).
-13
Let h(c) = -2*c - 4. Let t(a) = a**3 - 9*a**2 + 6*a + 6. Let o be t(8). Let s(y) = 9*y**2 + 2*y - 1. Let r be s(1). Let p be o/8*40/r. Give h(p).
6
Let i = 2 - 2. Let f(v) = 0 + i + 3*v + 0*v. Determine f(-1).
-3
Let c(m) = 4*m**2 + 2*m - 1. Let a = 70 - 68. What is c(a)?
19
Let q(f) = f**3 - 4*f**2 - 5*f + 4. Let k(n) = -n**2 + 13*n + 19. Let t be k(14). Determine q(t).
4
Let v(z) = z**3 - z**2 - 2*z - 1. Let x be v(-1). Let r(i) = -7*i + i - 4 + 0. Let u(p) = p. Let y(d) = x*r(d) - 5*u(d). Give y(-4).
0
Let i(h) = 4*h - 2. Let w(r) = 5*r**2 + 9*r + 7 - 2*r**2 - 2*r**2 - 5. Let b be w(-9). Suppose -f + 1 + b = 0. Determine i(f).
10
Let u(j) = 6*j**2 - 6*j - 2. Let q(y) = -4*y**2 + 3*y + 1. Let k(p) = -5*q(p) - 3*u(p). Calculate k(3).
28
Let s(f) = -5*f**2 + 110 - 113 + 4*f**2 + 7*f. Give s(5).
7
Suppose 5*w + 3*h + 77 = 237, 3*w + 5*h = 80. Let n be 7/w - (-1)/(-5). Suppose 2*r - 3*r + 5 = n. Let l(c) = c**3 - 5*c**2 + c + 1. What is l(r)?
6
Suppose -8*p + 3*p = 20. Let r(x) = -x - 7. Give r(p).
-3
Let q(d) = -15*d. Let y be 4 - (5 + 1) - -3. What is q(y)?
-15
Let q(o) = 5*o**3 + 3*o - 18*o**3 + o**3 - 3*o**2 + 13*o**3 + 4. Give q(3).
13
Let u(t) = 4*t**2 + 14*t + 1. Let g(a) = 5*a**2 + 16*a + 2. Let w(f) = 5*g(f) - 6*u(f). Determine w(3).
1
Let o(g) = g**2 + 2*g - 3. Suppose x + x - 24 = 0. Suppose 5*d + x = d. Determine o(d).
0
Let g be -5 + (-212)/(-44) - (-303)/33. Let z(q) = -q**3 + 9*q**2 - 8. Calculate z(g).
-8
Let j(q) = q + 4. Let y be j(-3). Suppose y = w - 1. Let m(c) = -1 + 0*c - w*c + c. Calculate m(-2).
1
Let k(x) be the third derivative of -x**6/20 + x**5/60 + x**2. Let a(y) = -y + 2. Let g be a(3). Let b(d) = 2*d**3 + 2*d**2 - 1. Let m be b(g). Determine k(m).
7
Let f(x) = 2*x + 1. Let d(a) = -a**3 - 13*a**2 + a + 11. Let k be d(-13). Give f(k).
-3
Let l(w) = -w**2 + 3*w + 3. Suppose -51 = -3*f - 4*h + h, 0 = -f - 5*h + 37. Suppose -z + 5*z = f. What is l(z)?
3
Let u = -1 - -1. Let i(y) = -1 + y - 1 - 3 + u*y. Calculate i(4).
-1
Let x be (-13 + 10)/(3/(-4)). Let d(s) = -s**3 + 4*s**2 + s - 4. Determine d(x).
0
Let c(p) = -p**3 - 5*p**2 - 5*p - 3. Let f be c(-3). Let s(z) = -z - 3. Determine s(f).
3
Let j(y) = -y. Let f(l) = 5*l + 12. Let z(s) = -f(s) - 4*j(s). Let t(p) = -4*p + 19. Let g be t(6). Calculate z(g).
-7
Let r(y) = -y**3 + 5*y**2 - 6*y + 4. Let n = -20 - -31. Suppose -3*m = c - 2 - n, 3*c = 3. Give r(m).
-4
Let n(v) = 6*v. Let p = 10 + -7. Suppose 3 = -k + 5*a + 20, 9 = -p*a. Suppose r - 3*z = k*r - 4, -3*z = -5*r + 2. Calculate n(r).
6
Let r(d) = -11*d**3 - d**2 + d + 1. Let g(k) be the third derivative of -k**6/120 - 3*k**5/20 - k**4/24 - 5*k**3/3 + 5*k**2. Let y be g(-9). Give r(y).
10
Let o = 4 + 1. Let y(z) = z**3 + 2*z**3 + 3*z + 1 - 2*z**3 - o*z**2. What is y(4)?
-3
Suppose -39*z = -34*z + 5. Suppose 2 = 4*w - 6. Let m(q) = -7*q - w*q + 1 + 2*q. What is m(z)?
8
Let s(d) = 5*d + 6. Let a = 4 - 9. Let r(j) = -4*j - 6. Let q(c) = a*s(c) - 6*r(c). Calculate q(0).
6
Let v(u) be the third derivative of -u**5/60 + 5*u**4/24 - 5*u**3/6 - 10*u**2. Calculate v(5).
-5
Let t be -5 + -3*2/3. Let d = -7 - t. Let f(o) = o**2 + o - 8. Calculate f(d).
-8
Let p(g) be the first derivative of 3*g**2/2 + g + 10. Give p(-2).
-5
Suppose 2*s - 25 = -3*s. Let f(p) = 0*p**2 - 1 - 3*p + 0 + 5*p - s*p**2. Calculate f(1).
-4
Let c = 20 - 38. Let a be 4/c - 20/(-9). Let o be (4/6)/(a/(-6)). Let l(b) = 2*b**3 + 3*b**2 - b - 2. Calculate l(o).
-4
Suppose 2*t = 3*t - 4. Suppose 4*s = -w + 4*w + 16, -w - t = -s. Let b(u) = 2*u - 6. Calculate b(s).
2
Let r(n) = n + 7. Let s = 13 - 18. Calculate r(s).
2
Let l(r) = 3*r + 2. Suppose -a - 2 = 4*u - 4, 1 = -a - u. What is l(a)?
-4
Suppose 3*r - 1 = 5. Let o(l) = 4*l**2 + 3*l - 1. Let c(t) = -21*t**2 - 16*t + 5. Let m(b) = r*c(b) + 11*o(b). What is m(-2)?
5
Let o(c) be the second derivative of -c**5/30 + c**4/24 + c**3/2 + c**2 + 4*c. Let y(u) be the first derivative of o(u). What is y(3)?
-12
Let g(y) = y + 7. Suppose 32 + 4 = 2*v. Suppose 5*l = -f + 20, -v = f - 3*l + 2. Calculate g(f).
2
Suppose 3*y = 1 - 10. Let c(q) = 3*q. Calculate c(y).
-9
Let z be (-10)/3*9/(-5). Let a(s) = -8*s + s**2 - 8*s + 10*s. Give a(z).
0
Let v(i) = i - 9. Let c be v(9). Let m = 5 + -5. Let a(w) = 5 + w**3 + w + w**2 + m*w - 2*w**2. Determine a(c).
5
Suppose 0 = -s - 2*s - 3. Let q(j) = j**2 - j + 1. Let b(t) = -5*t**2 + 11*t - 9. Let i(x) = s*b(x) - 6*q(x). Let f = -686 - -680. Calculate i(f).
-3
Let c(d) = 2*d - 4. Let t = -25 - -22. Calculate c(t).
-10
Let s(n) = -n**3 - 11*n**2 - 10*n + 4. Let t be s(-10). Let a(c) be the third derivative of 0*c - 5*c**2 + 1/24*c**t + 0 - 1/6*c**3. Calculate a(4).
3
Let k be (4/10)/(3/15). Let p be k/(6/(-3))*-20. Suppose -h - 4 = -g, 0*h + 5*g - p = h. Let l(v) = -v + 6. What is l(h)?
6
Let s(i) = -3*i + 6 - i + 6*i. Suppose 5*k = 20, -4*b + b - 2*k = 10. Let t(w) = -w**2 - 4*w + 8. Let f be t(b). Calculate s(f).
-2
Let k(n) = n**3 - 2*n**2 - 5*n - 2. Suppose -2*y = -4*d - 5*y + 22, -18 = -4*d - y. What is k(d)?
10
Let m = -502 - -501. Let u(a) = -5 + 0 + 4 - 2*a + 3*a**2. Calculate u(m).
4
Suppose 2*y = 5*m + 15, -4*m - 6 = -5*y - 2*m. Let r(q) = q**2 - q + 2. What is r(y)?
2
Let h(i) = 2*i**2 - 4*i - 1. Let w(t) = -t + 4. Let l = 3 - 8. Let y be w(l). Suppose 4*r - 7*r = -y. Calculate h(r).
5
Let a = -4 - -6. Suppose -5*x + a = 22. Let q(w) = w**2 + 2*w - 5. Calculate q(x).
3
Suppose -4*x - 2*x = 4*x. Let v(z) = z**2 + 2 - 2 - z + z**3. What is v(x)?
0
Let y(l) = -16*l**3 - 4*l**2 - 21*l. Let z(o) = -3*o**3 - o**2 - 4*o. Suppose 